78 is divided by 688?
686
What is the remainder when 237436 is divided by 237426?
10
What is the remainder when 1131 is divided by 333?
132
What is the remainder when 2551 is divided by 143?
120
Calculate the remainder when 203297 is divided by 475.
472
Calculate the remainder when 5326 is divided by 381.
373
What is the remainder when 12287 is divided by 768?
767
Calculate the remainder when 11856 is divided by 49.
47
Calculate the remainder when 228503 is divided by 49.
16
Calculate the remainder when 6178 is divided by 1871.
565
Calculate the remainder when 703499 is divided by 216.
203
Calculate the remainder when 3427 is divided by 230.
207
What is the remainder when 12942 is divided by 43?
42
What is the remainder when 3547 is divided by 349?
57
What is the remainder when 16494 is divided by 351?
348
What is the remainder when 37431 is divided by 209?
20
What is the remainder when 4851 is divided by 1616?
3
Calculate the remainder when 515 is divided by 269.
246
Calculate the remainder when 4340 is divided by 2144.
52
What is the remainder when 28259 is divided by 13?
10
What is the remainder when 6148948 is divided by 1153?
1152
Calculate the remainder when 42798 is divided by 57.
48
Calculate the remainder when 580880 is divided by 3.
2
What is the remainder when 550 is divided by 277?
273
What is the remainder when 1534 is divided by 531?
472
What is the remainder when 479694 is divided by 76?
58
Calculate the remainder when 40027 is divided by 16.
11
Calculate the remainder when 32388 is divided by 82.
80
Calculate the remainder when 905409 is divided by 591.
588
What is the remainder when 11646 is divided by 32?
30
What is the remainder when 95020 is divided by 67?
14
What is the remainder when 34222 is divided by 716?
570
Calculate the remainder when 4332 is divided by 710.
72
What is the remainder when 1685971 is divided by 87?
85
What is the remainder when 6114 is divided by 192?
162
What is the remainder when 15583 is divided by 197?
20
What is the remainder when 229866 is divided by 160?
106
What is the remainder when 1707400 is divided by 852?
844
Calculate the remainder when 225197 is divided by 171.
161
What is the remainder when 91597 is divided by 216?
13
Calculate the remainder when 40671 is divided by 16.
15
Calculate the remainder when 1008575 is divided by 18677.
17
What is the remainder when 352248 is divided by 125?
123
What is the remainder when 662981 is divided by 13?
7
Calculate the remainder when 5322 is divided by 453.
339
What is the remainder when 25487 is divided by 245?
7
Calculate the remainder when 990998 is divided by 1386.
8
What is the remainder when 1108 is divided by 19?
6
What is the remainder when 19901 is divided by 169?
128
What is the remainder when 105902 is divided by 11763?
35
What is the remainder when 70015 is divided by 17493?
43
Calculate the remainder when 67070 is divided by 129.
119
What is the remainder when 863764 is divided by 37?
36
Calculate the remainder when 8573 is divided by 937.
140
What is the remainder when 813 is divided by 242?
87
What is the remainder when 852 is divided by 47?
6
What is the remainder when 1102615 is divided by 276?
271
What is the remainder when 30881 is divided by 10289?
14
What is the remainder when 4164 is divided by 10?
4
Calculate the remainder when 2502650 is divided by 85.
80
Calculate the remainder when 7571499 is divided by 250.
249
What is the remainder when 7860 is divided by 265?
175
Calculate the remainder when 7456 is divided by 437.
27
Calculate the remainder when 4462 is divided by 888.
22
Calculate the remainder when 1858 is divided by 204.
22
What is the remainder when 53263 is divided by 4438?
7
Calculate the remainder when 15445 is divided by 12.
1
What is the remainder when 9802 is divided by 2437?
54
What is the remainder when 38761 is divided by 255?
1
What is the remainder when 86139 is divided by 21532?
11
What is the remainder when 326185 is divided by 46?
45
What is the remainder when 7742 is divided by 101?
66
Calculate the remainder when 173 is divided by 49.
26
What is the remainder when 5774 is divided by 11?
10
What is the remainder when 12209 is divided by 4045?
74
What is the remainder when 2913 is divided by 302?
195
What is the remainder when 2380 is divided by 25?
5
What is the remainder when 5950 is divided by 138?
16
Calculate the remainder when 1685 is divided by 793.
99
Calculate the remainder when 7024 is divided by 334.
10
Calculate the remainder when 41196 is divided by 20592.
12
Calculate the remainder when 272229 is divided by 75.
54
What is the remainder when 33102 is divided by 477?
189
What is the remainder when 31496 is divided by 109?
104
What is the remainder when 14622 is divided by 19?
11
What is the remainder when 10466 is divided by 19?
16
Calculate the remainder when 33125 is divided by 4731.
8
What is the remainder when 2533 is divided by 418?
25
Calculate the remainder when 1938 is divided by 548.
294
Calculate the remainder when 11637 is divided by 2810.
397
Calculate the remainder when 459601 is divided by 229.
227
Calculate the remainder when 3789 is divided by 193.
122
What is the remainder when 45842 is divided by 540?
482
Calculate the remainder when 40475 is divided by 37.
34
What is the remainder when 75310 is divided by 75308?
2
What is the remainder when 494 is divided by 256?
238
Calculate the remainder when 39566 is divided by 1130.
16
What is the remainder when 267988 is divided by 665?
658
What is the remainder when 21153 is divided by 123?
120
What is the remainder when 109721 is divided by 115?
11
Calculate the remainder when 762245 is divided by 18.
17
What is the remainder when 425 is divided by 235?
190
What is the remainder when 175126 is divided by 35023?
11
What is the remainder when 25998798 is divided by 20?
18
Calculate the remainder when 254741 is divided by 255.
251
What is the remainder when 450 is divided by 51?
42
What is the remainder when 46407 is divided by 1928?
135
What is the remainder when 31917 is divided by 778?
19
What is the remainder when 5769 is divided by 430?
179
Calculate the remainder when 2396 is divided by 312.
212
Calculate the remainder when 24840 is divided by 24803.
37
Calculate the remainder when 343727 is divided by 15.
2
What is the remainder when 2212 is divided by 1100?
12
What is the remainder when 30547 is divided by 147?
118
What is the remainder when 4603 is divided by 3765?
838
Calculate the remainder when 355430 is divided by 88.
86
Calculate the remainder when 212456 is divided by 104.
88
Calculate the remainder when 30249 is divided by 22.
21
Calculate the remainder when 4568 is divided by 376.
56
Calculate the remainder when 321042 is divided by 15.
12
What is the remainder when 2603 is divided by 362?
69
What is the remainder when 27784 is divided by 13891?
2
Calculate the remainder when 72202 is divided by 51.
37
Calculate the remainder when 335 is divided by 312.
23
What is the remainder when 35350 is divided by 5859?
196
What is the remainder when 32242 is divided by 15?
7
What is the remainder when 1676147 is divided by 558712?
11
Calculate the remainder when 2345 is divided by 2000.
345
What is the remainder when 634857 is divided by 14?
13
What is the remainder when 51522 is divided by 76?
70
Calculate the remainder when 11475 is divided by 153.
0
What is the remainder when 28048 is divided by 10?
8
What is the remainder when 6841 is divided by 862?
807
Calculate the remainder when 1852 is divided by 245.
137
What is the remainder when 684 is divided by 628?
56
Calculate the remainder when 62448 is divided by 35.
8
Calculate the remainder when 544614 is divided by 1517.
11
What is the remainder when 1197 is divided by 15?
12
What is the remainder when 246 is divided by 23?
16
What is the remainder when 17909 is divided by 206?
193
Calculate the remainder when 13534 is divided by 4382.
388
What is the remainder when 586428 is divided by 22?
18
Calculate the remainder when 2812 is divided by 473.
447
Calculate the remainder when 714496 is divided by 517.
2
Calculate the remainder when 21177 is divided by 89.
84
What is the remainder when 1248679 is divided by 7?
5
What is the remainder when 1737 is divided by 508?
213
C